{"id":18,"date":"2017-02-06T12:06:49","date_gmt":"2017-02-06T11:06:49","guid":{"rendered":"http:\/\/fer-servadou.fr\/?page_id=18"},"modified":"2017-02-10T15:54:32","modified_gmt":"2017-02-10T14:54:32","slug":"terroir-et-climat","status":"publish","type":"page","link":"http:\/\/fer-servadou.fr\/index.php\/terroir-et-climat\/","title":{"rendered":"Terroir et climat"},"content":{"rendered":"<h2>R\u00e9gion et terroir<\/h2>\n<p><img decoding=\"async\" loading=\"lazy\" class=\"alignnone size-medium wp-image-9\" src=\"http:\/\/fer-servadou.fr\/wp-content\/uploads\/2017\/02\/20161206_153632bis-300x169.jpg\" alt=\"\" width=\"300\" height=\"169\" srcset=\"http:\/\/fer-servadou.fr\/wp-content\/uploads\/2017\/02\/20161206_153632bis-300x169.jpg 300w, http:\/\/fer-servadou.fr\/wp-content\/uploads\/2017\/02\/20161206_153632bis-768x432.jpg 768w, http:\/\/fer-servadou.fr\/wp-content\/uploads\/2017\/02\/20161206_153632bis-624x351.jpg 624w, http:\/\/fer-servadou.fr\/wp-content\/uploads\/2017\/02\/20161206_153632bis.jpg 960w\" sizes=\"(max-width: 300px) 100vw, 300px\" \/><img decoding=\"async\" loading=\"lazy\" class=\"alignnone size-medium wp-image-46\" src=\"http:\/\/fer-servadou.fr\/wp-content\/uploads\/2017\/02\/20161206_155222-20-TER-1-300x191.jpg\" alt=\"\" width=\"300\" height=\"191\" srcset=\"http:\/\/fer-servadou.fr\/wp-content\/uploads\/2017\/02\/20161206_155222-20-TER-1-300x191.jpg 300w, http:\/\/fer-servadou.fr\/wp-content\/uploads\/2017\/02\/20161206_155222-20-TER-1.jpg 305w\" sizes=\"(max-width: 300px) 100vw, 300px\" \/> <img decoding=\"async\" loading=\"lazy\" class=\"alignnone size-medium wp-image-136\" src=\"http:\/\/fer-servadou.fr\/wp-content\/uploads\/2017\/02\/Clairvauxwikipedia-300x210.jpg\" alt=\"\" width=\"300\" height=\"210\" srcset=\"http:\/\/fer-servadou.fr\/wp-content\/uploads\/2017\/02\/Clairvauxwikipedia-300x210.jpg 300w, http:\/\/fer-servadou.fr\/wp-content\/uploads\/2017\/02\/Clairvauxwikipedia-624x438.jpg 624w, http:\/\/fer-servadou.fr\/wp-content\/uploads\/2017\/02\/Clairvauxwikipedia.jpg 700w\" sizes=\"(max-width: 300px) 100vw, 300px\" \/><\/p>\n<p style=\"text-align: justify;\">Le vignoble est situ\u00e9 \u00e0 20 km au nord-ouest de\u00a0Rodez. L&#8217;aire de production s&#8217;\u00e9tend sur les communes de Marcillac Vallon,\u00a0Balsac, Clairvaux, \u00a0Goutrens,\u00a0Mouret,\u00a0Nauviale, Pruines, Salles-la-Source,\u00a0Saint-Cyprien-sur-Dourdou,\u00a0Saint-Christophe-Vallon\u00a0et\u00a0Valady.<br \/>\nCe vignoble de Marcillac s\u2019\u00e9tale dans un d\u00e9dale de coteaux, creus\u00e9 par les ruisseaux du Cr\u00e9neau et de l\u2019Ady, aux eaux rougies par la terre brique fonc\u00e9e du vallon. La zone des rougiers de Marcillac constitue une d\u00e9pression dans le paysage environnant. Les parcelles sont install\u00e9es sur des coteaux pentus et am\u00e9nag\u00e9s en terrasses, lorsque la pente du terrain est vraiment trop forte. Cet ensemble de parcelle forme une sorte d&#8217;amphith\u00e9\u00e2tre, orient\u00e9 plein sud, permettant de bonnes maturit\u00e9s au raisin. Depuis le 9i\u00e8me si\u00e8cle, les vignerons y cultivent leur art sur des pentes escarp\u00e9es des coteaux du Rougier, ou les vignes sont plant\u00e9es. Ce qui permet \u00e0 chaque instant de mesurer l\u2019ing\u00e9niosit\u00e9 de ces vignerons. En d\u2019autres termes, ce terroir est unique\u00a0par le labyrinthe de ces coteaux, et de ces vall\u00e9es encaiss\u00e9es. Sachant que 65% de vignes sont implant\u00e9es sur ces pentes abruptes. Ce Rougier du Vallon \u00a0est implant\u00e9 sur des\u00a0argiles -rouge-, pr\u00e9sence d&#8217;\u00a0oxyde de fer, qui\u00a0donnent une sp\u00e9cificit\u00e9 propre et unique au c\u00e9page de Marcillac.<\/p>\n<h2>Climat<\/h2>\n<p style=\"text-align: justify;\">Climat variable au fil des saisons, les influences semi-continentales en hiver et m\u00e9diterran\u00e9ennes en \u00e9t\u00e9 s&#8217;y font ressentir. Cependant, l&#8217;ensoleillement annuel se situe \u00e0 un niveau notable soit environ 2200 heures\/an. On assiste tr\u00e8s souvent \u00e0 des hivers tr\u00e8s rigoureux et \u00e0 des \u00e9t\u00e9s tr\u00e8s chauds et ensoleill\u00e9s, dignes des villes du pourtour m\u00e9diterran\u00e9en. (Temp\u00e9rature de\u00a0Rodez, car le vignoble de Marcillac \u00a0est\u00a0situ\u00e9 \u00e0 20 km de celle-ci)<\/p>\n<p style=\"text-align: justify;\">\n","protected":false},"excerpt":{"rendered":"<p>R\u00e9gion et terroir Le vignoble est situ\u00e9 \u00e0 20 km au nord-ouest de\u00a0Rodez. L&#8217;aire de production s&#8217;\u00e9tend sur les communes de Marcillac Vallon,\u00a0Balsac, Clairvaux, \u00a0Goutrens,\u00a0Mouret,\u00a0Nauviale, Pruines, Salles-la-Source,\u00a0Saint-Cyprien-sur-Dourdou,\u00a0Saint-Christophe-Vallon\u00a0et\u00a0Valady. Ce vignoble de Marcillac s\u2019\u00e9tale dans un d\u00e9dale de coteaux, creus\u00e9 par les ruisseaux du Cr\u00e9neau et de l\u2019Ady, aux eaux rougies par la terre brique fonc\u00e9e du [&hellip;]<\/p>\n","protected":false},"author":1,"featured_media":0,"parent":0,"menu_order":1,"comment_status":"closed","ping_status":"closed","template":"page-templates\/front-page.php","meta":[],"_links":{"self":[{"href":"http:\/\/fer-servadou.fr\/index.php\/wp-json\/wp\/v2\/pages\/18"}],"collection":[{"href":"http:\/\/fer-servadou.fr\/index.php\/wp-json\/wp\/v2\/pages"}],"about":[{"href":"http:\/\/fer-servadou.fr\/index.php\/wp-json\/wp\/v2\/types\/page"}],"author":[{"embeddable":true,"href":"http:\/\/fer-servadou.fr\/index.php\/wp-json\/wp\/v2\/users\/1"}],"replies":[{"embeddable":true,"href":"http:\/\/fer-servadou.fr\/index.php\/wp-json\/wp\/v2\/comments?post=18"}],"version-history":[{"count":7,"href":"http:\/\/fer-servadou.fr\/index.php\/wp-json\/wp\/v2\/pages\/18\/revisions"}],"predecessor-version":[{"id":137,"href":"http:\/\/fer-servadou.fr\/index.php\/wp-json\/wp\/v2\/pages\/18\/revisions\/137"}],"wp:attachment":[{"href":"http:\/\/fer-servadou.fr\/index.php\/wp-json\/wp\/v2\/media?parent=18"}],"curies":[{"name":"wp","href":"https:\/\/api.w.org\/{rel}","templated":true}]}}